Suppose 2992 = 2*a + 2*z, -2*a + q = 3*z - 1570. Is a a composite number?
False
Let t = -211 - -6386. Suppose -k = -4*u + t, -2*u + k + 2097 + 992 = 0. Is u prime?
True
Let q(c) = -c**2 + 2*c - 339. Let m be q(0). Let t = -457 + m. Let i = 3905 + t. Is i prime?
True
Suppose 3*h - 1841 = 2*s, -6*s = -2*s - h + 3707. Let l be (-9 + (-200)/30)/(-3*(-1)/279). Let z = s - l. Is z a prime number?
False
Is 4/(-98) - (-9687116880)/27440 prime?
False
Is -12 - (-4294)/361 - (3244617/(-57) + 2) prime?
True
Suppose 3752 = -2*h - 5*h. Let m = -6479 - h. Is (-8)/52 - m/13 prime?
True
Suppose -4*o - 121275 = -c, 4*o = -4*c + 49171 + 436009. Is c prime?
True
Let t = 2549 + -1068. Let i = -10 + t. Is i composite?
False
Let n = 9 - 2. Suppose n*j - 5717 = 8108. Suppose 1790 - 6739 = -5*q - 4*w, 3*w + j = 2*q. Is q composite?
True
Let q = -68039 + 170740. Is q a prime number?
True
Let l(q) = 3054*q**2 + 55*q + 153. Is l(-8) prime?
False
Let d(k) be the first derivative of -2 + 5*k - 1/2*k**2 + 47/3*k**3. Is d(-4) a composite number?
False
Is -8 - 273/(-35) - (-12507860)/50 a composite number?
True
Suppose -30958 = -308*x + 285*x. Is x composite?
True
Let c(g) = -3*g**3 - 5*g**2 + 2. Let r be c(-2). Suppose -r*v = -11*v + 15055. Is v composite?
False
Suppose -53*r + 59*r + 24900 = 0. Let d = r - -6329. Is d a prime number?
True
Let r = -42 + 42. Suppose r = n + n. Is (5 + 334)/(n + 1) composite?
True
Is 1 + -4 - -729497 - 9 a prime number?
False
Suppose 10*w + 2*w = 53400. Suppose 4*m + 2*x = w, -4*x = -5*m + 3*m + 2250. Is m prime?
False
Let l be 2 - (0 - -1)*-1. Is (5 - (-39424)/12)*l composite?
False
Suppose -20*g + 147*g = -6*g + 30929017. Is g a prime number?
True
Suppose 0 = -5*w - p - 2*p - 168, 3*w + 3*p = -102. Let x = w - -35. Suppose 147 = -2*o + 3*o + 2*y, x*o - y = 319. Is o a composite number?
False
Suppose 0 = 234*f - 233*f, 4*l - 2*f - 374732 = 0. Is l a composite number?
False
Suppose 0 = -142*t + 7743148 + 5499562 - 445528. Is t a prime number?
True
Suppose 3*s - 425283 = 4*r, 33*s = 36*s + 2*r - 425283. Is s a composite number?
False
Let s be (10 + -16)/((-16)/376). Is (s/(-188))/(6/(-16792)) a prime number?
True
Let s be 39781/((-8)/160*5). Is (-1)/(-3) - (-4 + s/42) a prime number?
True
Suppose -17*s + 3*u - 2827966 = -21*s, -3*s + 2120967 = u. Is s prime?
True
Is (350/(-525))/(2/(-1017411)) prime?
True
Let g(x) = -x**3 + 12*x**2 + 12*x + 19. Let h be g(13). Let c be 5*(4/(-6))/(h/27). Is ((-4684)/(-10)*c/(-6))/1 composite?
False
Let n be 1*((-35)/(-5))/(3/9). Suppose 17*i - n*i = -5372. Is i prime?
False
Is (-1)/(35352284/7070459 + -5) a prime number?
True
Let x = 270525 - -49478. Is x composite?
True
Let j = 232984 + 135283. Is j a composite number?
True
Let y = 285 - 100. Let c = -36 + y. Is c a composite number?
False
Suppose 0 = 9*b + 39411 + 12888. Is (b/(-6))/1 - (-6)/(-4) composite?
False
Let z be (-12)/9 + 38/6. Suppose -5*i = -4*r - 20, 9*r = 13*r + z*i - 20. Suppose -b = 2*n - 497, r = 6*n - n - 3*b - 1270. Is n prime?
True
Suppose -137*w + 943927 + 502656 = 0. Is w a composite number?
False
Suppose 0 = 4*v - 8009 - 123. Let h = -233 + v. Let z = -1187 + h. Is z a composite number?
False
Let s = 1859439 - 930986. Is s prime?
True
Let j be (-6)/(-15) + 20156/10. Let f = -3267 + 2113. Let h = f + j. Is h composite?
True
Let u(i) = 3*i**2 + 106*i + 39. Let k be u(-35). Suppose 2772 + 52592 = k*v. Is v prime?
True
Let t(d) = -2*d**2 + 84*d + 106. Let v be t(39). Is ((-2)/17 - (-112580)/v)*11 a composite number?
True
Let c(t) = -2*t**2 - 22*t - 3. Let i be c(-11). Let j be -393*1/i*11. Let z = j + -1022. Is z a prime number?
True
Suppose 25*v = 36*v - 22. Suppose 10478 = v*t + 3*t + 3*m, 2*t - 4204 = 2*m. Is t a prime number?
False
Suppose -21*j = 3*j + 24648. Let f = j + 3429. Is f a composite number?
True
Is (-7089719)/(-91) + (-19 - -3) a composite number?
False
Let t(n) = 14 + 29*n - 45 + 10*n**2 + 8*n**2 + 10*n**2 + 0*n**2. Is t(20) a composite number?
True
Suppose 5*a - 5921 = u + 3487, 5*a - 2*u = 9411. Suppose 0 = -6*l + a + 2937. Is l prime?
False
Suppose 25*n = 2*z + 27*n - 8016, -4*z - 5*n = -16036. Let m = z - 1506. Is m a composite number?
True
Is 94857 - ((-24 - 4) + 2) a composite number?
True
Let h = -319 + 332. Let m(u) = 7*u**3 - 33*u**2 + 4*u + 17. Is m(h) prime?
True
Suppose j + 2 + 3 = 0. Is (1 - -8494) + 17/17 - j a composite number?
False
Suppose -2*j + 2 = -z, 3*j + j = 3*z + 2. Suppose 16 = 6*u + j*u. Suppose -263 = -c - 4*q, 65 = u*c + 2*q - 455. Is c composite?
True
Let v(x) be the first derivative of -714*x**2 - 19*x - 3. Let d(g) = 7*g - 59. Let m be d(8). Is v(m) prime?
False
Let o be (88 + -10)*4/(-6). Is 8/o + (-77187)/(-39) a prime number?
True
Let r(i) = -11*i**2 - 14*i - 11. Let k be r(-36). Let o = -9372 - k. Is o prime?
True
Let r(i) = 92*i**2 + 286*i - 125. Is r(30) composite?
True
Let y(q) be the third derivative of 0*q - 1/120*q**6 + 1/3*q**5 + 2*q**3 + 42*q**2 + 0 + 2/3*q**4. Is y(19) prime?
True
Let f(t) = 94*t + 28. Let s be f(6). Let d(m) = 2118*m**2 - m + 1. Let v be d(1). Suppose s = -2*q + v. Is q prime?
False
Let v(g) = 5*g. Let c(w) = 5*w - 1. Let o(p) = 4*c(p) - 3*v(p). Let j be o(4). Let h(a) = -a**2 + 18*a - 23. Is h(j) a prime number?
False
Let c(b) = -21*b**3 + 2*b**2 + 4*b + 2. Let x be c(-1). Let v(d) = 27*d**2 - 12*d + 44. Is v(x) a composite number?
False
Suppose -6*y - 14*y = -80. Suppose y*p - 5549 = 7575. Is p a composite number?
True
Suppose -13 = -n - 4*y, -3*y = 3*n - 101 + 89. Suppose 0 = -d - d + 42. Is (188/(-6))/(d/27 - n) prime?
False
Suppose -4*l = 4*n - 8230768, 1104*l + 5*n = 1100*l + 8230761. Is l a prime number?
False
Let a(y) = 427*y**3 + y + 1. Let v be a(-1). Let g be ((-4)/(-10))/(6*(-9)/(-540)). Is 206*v/(-28) + 6/g composite?
True
Let v(p) = 60*p - 29. Suppose 0*m - 3*m + 4*y + 4 = 0, -5*m + 26 = 3*y. Is v(m) a prime number?
True
Let f(i) = 69*i**2 - 3*i - 14. Let o be f(4). Let y = o - 537. Is y a prime number?
True
Suppose 13811 = 22*c - 15*c. Let m be 0/4 + 2 + (c - 1). Is m/4 + (-18)/4 + 4 prime?
False
Let g be 2/((-34 + 33)/((-2)/(-2))). Is (5294/(g/1))/(-1) composite?
False
Let n = 99726 + -45871. Is n a composite number?
True
Let g(s) = -s**3 - 9*s**2 - 6*s + 18. Let j be g(-8). Is (99522/108)/(1/j) composite?
True
Let k(d) = 188188*d**2 + 174*d + 343. Is k(-2) a prime number?
True
Suppose 4*r - 91085 = -3*k, -5*r + 5*k + 46346 + 67484 = 0. Is r a composite number?
False
Suppose k - 4*k = 2*a + 103, 0 = 4*a - 5*k + 173. Let l = a + 59. Let m(q) = q**3 - 5*q**2 + 4*q - 13. Is m(l) a composite number?
True
Is 15/(-20) + 5/(80/2487964) a composite number?
True
Let i(l) = 1 + 3 + 2*l + 8 + 1. Let d be i(10). Is (-4)/(-22) - (-13491)/d a prime number?
True
Suppose 38*t = 52*t - 74634. Let j = 7492 - t. Is j prime?
True
Let t(f) be the third derivative of f**6/120 + f**5/24 - 5*f**4/8 + f**3/6 - f**2. Let z(v) be the first derivative of t(v). Is z(-11) a composite number?
False
Let j = 103 + -104. Is j/(-5) - 135020/(-25) a composite number?
True
Let w(q) = 337*q**2 - 69*q - 65. Is w(11) a prime number?
True
Let d(k) = 151*k + 1. Let v(y) = y**3 - 5*y**2 - 3*y. Let t be v(5). Let q be 58/10 + (-3)/t. Is d(q) a prime number?
True
Suppose -126*m = -142*m + 3014288. Is m a composite number?
True
Is (-44)/11 + (-892350)/((-24)/4) composite?
False
Let v(n) = -1736*n - 597. Is v(-20) a prime number?
True
Let j(n) = -2*n**3 - 158*n**2 + 178*n - 775. Is j(-101) prime?
True
Let b be (40 - (-2 + 0))*6244/42. Let p = b + -3707. Is p a composite number?
True
Suppose 30*o = 7*o + 30*o - 155785. Is o a composite number?
True
Let l = 212 + -203. Let x(u) = 24*u**3 + 15*u**2 - 20*u + 22. Is x(l) prime?
True
Suppose 1161276 = 4*m + 2*l, 2*l = 33*m - 38*m + 1451593. Is m prime?
True
Suppose 5*s - 2*o - 3*o = 85, -2*s = -5*o - 37. Let p be -6*(-1 - (s/(-12))/2). Suppose -p*h - 2*h = -6676. Is h a composite number?
False
Let l be (-12)/(-28) + (-907595)/(-91). Suppose 3495 = -11*z + l. Is z composite?
True
Suppose d + 42*t - 37*t = 40668, -2*d = 3*t - 81371. Is d prime?
True
Let b(r) = -21*r**2 - 26 - 33 + 43 + 12*r + 18*r**3. Is b(7) prime?
False
Let x(d) be the third derivative of -25*d**4/3 - 19*d**3/6 - d**2 + 51. Is x(-6) composite?
False
Let n(l) = 358*l - 32. Let m